ate the remainder when 325594 is divided by 259.
31
Calculate the remainder when 662273 is divided by 4698.
4553
Calculate the remainder when 32358711 is divided by 31.
12
Calculate the remainder when 3046647 is divided by 950.
947
Calculate the remainder when 169501363 is divided by 15.
13
Calculate the remainder when 2336466 is divided by 4476.
4470
What is the remainder when 249593694 is divided by 301?
280
Calculate the remainder when 52806 is divided by 10184.
1886
What is the remainder when 5823867 is divided by 173?
168
Calculate the remainder when 36725 is divided by 4080.
5
Calculate the remainder when 316906 is divided by 180.
106
Calculate the remainder when 3970674 is divided by 170.
154
Calculate the remainder when 14341 is divided by 14337.
4
What is the remainder when 541512 is divided by 541484?
28
What is the remainder when 9521401 is divided by 578?
7
Calculate the remainder when 248949 is divided by 1133.
822
What is the remainder when 42236784 is divided by 78507?
18
What is the remainder when 3000704 is divided by 3000579?
125
Calculate the remainder when 146038627 is divided by 2438.
2427
Calculate the remainder when 4683285 is divided by 2341604.
77
What is the remainder when 4850333 is divided by 692894?
75
Calculate the remainder when 168301 is divided by 1843.
588
What is the remainder when 287876842 is divided by 2719?
2717
What is the remainder when 67444 is divided by 1509?
1048
What is the remainder when 2356380 is divided by 53554?
4
Calculate the remainder when 10710120 is divided by 178502.
0
Calculate the remainder when 371608476 is divided by 297.
294
Calculate the remainder when 6179887 is divided by 1970.
1967
What is the remainder when 162832538 is divided by 54277511?
5
Calculate the remainder when 31798515 is divided by 567.
21
What is the remainder when 37586292 is divided by 787?
746
Calculate the remainder when 3435059065 is divided by 1627.
1624
Calculate the remainder when 47294102 is divided by 23647044.
14
What is the remainder when 1821759 is divided by 1429?
1213
What is the remainder when 29847 is divided by 1296?
39
Calculate the remainder when 4756312 is divided by 18.
10
Calculate the remainder when 3340387 is divided by 184.
51
What is the remainder when 28525 is divided by 6986?
581
What is the remainder when 219287826 is divided by 8194?
8192
Calculate the remainder when 45111 is divided by 8849.
866
What is the remainder when 8631406 is divided by 95?
86
What is the remainder when 663782 is divided by 1597?
1027
What is the remainder when 4662155 is divided by 43?
9
What is the remainder when 835842 is divided by 2620?
62
What is the remainder when 2936655 is divided by 20976?
15
What is the remainder when 50952141 is divided by 1209?
45
What is the remainder when 1883880 is divided by 151?
4
Calculate the remainder when 20128243 is divided by 2012823.
13
Calculate the remainder when 8479926 is divided by 63.
0
What is the remainder when 2507197 is divided by 334?
193
Calculate the remainder when 7336287 is divided by 1489.
1473
Calculate the remainder when 392191 is divided by 56025.
16
Calculate the remainder when 3801714 is divided by 62.
60
What is the remainder when 117071 is divided by 1889?
1842
What is the remainder when 39344305 is divided by 323?
321
Calculate the remainder when 761271516 is divided by 32.
28
What is the remainder when 2013110 is divided by 335516?
14
What is the remainder when 942454 is divided by 314060?
274
Calculate the remainder when 51599283 is divided by 10552.
3
What is the remainder when 165052 is divided by 32966?
222
Calculate the remainder when 341630 is divided by 692.
474
What is the remainder when 33249584 is divided by 28?
4
Calculate the remainder when 7486486 is divided by 226863.
7
Calculate the remainder when 24383 is divided by 1710.
443
Calculate the remainder when 2053970 is divided by 127.
126
Calculate the remainder when 424303 is divided by 42381.
493
Calculate the remainder when 181420467 is divided by 1551.
1548
Calculate the remainder when 3445377 is divided by 1722682.
13
Calculate the remainder when 172426 is divided by 7182.
58
What is the remainder when 1545949 is divided by 1560?
1549
What is the remainder when 14074832 is divided by 81?
29
What is the remainder when 4494688 is divided by 2247342?
4
What is the remainder when 25179656 is divided by 1215?
1211
What is the remainder when 9711103 is divided by 179835?
13
Calculate the remainder when 149695259 is divided by 1095.
1094
What is the remainder when 65926390 is divided by 804?
802
Calculate the remainder when 87943 is divided by 29028.
859
What is the remainder when 207166 is divided by 1417?
284
What is the remainder when 621332 is divided by 70?
12
Calculate the remainder when 257328731 is divided by 7197.
7193
What is the remainder when 4719965 is divided by 1873?
5
What is the remainder when 215847 is divided by 71758?
573
What is the remainder when 67122800 is divided by 6191?
6169
What is the remainder when 286488 is divided by 75?
63
Calculate the remainder when 1915534 is divided by 25.
9
What is the remainder when 2517333 is divided by 140?
133
Calculate the remainder when 1626028 is divided by 1708.
12
What is the remainder when 175468 is divided by 688?
28
Calculate the remainder when 2022140 is divided by 96292.
8
What is the remainder when 898986 is divided by 159?
0
What is the remainder when 72032644 is divided by 8?
4
What is the remainder when 4710944 is divided by 277108?
108
Calculate the remainder when 579813 is divided by 105.
3
What is the remainder when 182129242 is divided by 3916?
3914
Calculate the remainder when 27658227 is divided by 4609702.
15
What is the remainder when 315106 is divided by 23796?
5758
What is the remainder when 18033968 is divided by 4508492?
0
Calculate the remainder when 56664 is divided by 1989.
972
What is the remainder when 667266 is divided by 31772?
54
Calculate the remainder when 7429925 is divided by 1857480.
5
Calculate the remainder when 56250 is divided by 9070.
1830
Calculate the remainder when 50001 is divided by 301.
35
Calculate the remainder when 814060 is divided by 81406.
0
Calculate the remainder when 4720728 is divided by 238.
236
Calculate the remainder when 6042703 is divided by 32.
15
What is the remainder when 161088 is divided by 17386?
4614
Calculate the remainder when 251970 is divided by 125883.
204
Calculate the remainder when 141261279 is divided by 59.
57
What is the remainder when 110641 is divided by 50?
41
Calculate the remainder when 5088881 is divided by 276.
269
What is the remainder when 15510117 is divided by 5170039?
0
What is the remainder when 1171767 is divided by 256?
55
What is the remainder when 142204173 is divided by 1098?
1095
Calculate the remainder when 428894 is divided by 47642.
116
What is the remainder when 2599650 is divided by 1299817?
16
Calculate the remainder when 20781550 is divided by 525.
475
What is the remainder when 975146 is divided by 15047?
12138
Calculate the remainder when 13931166 is divided by 146643.
81
What is the remainder when 325549 is divided by 46445?
434
Calculate the remainder when 40557 is divided by 3103.
218
Calculate the remainder when 2973995 is divided by 1283.
1
Calculate the remainder when 215041 is divided by 210154.
4887
Calculate the remainder when 11158798 is divided by 1540.
1498
Calculate the remainder when 56516 is divided by 3441.
1460
What is the remainder when 16168540 is divided by 18757?
6
Calculate the remainder when 10524664 is divided by 111964.
48
What is the remainder when 2058607 is divided by 61?
40
Calculate the remainder when 161019318 is divided by 253.
251
Calculate the remainder when 3266779 is divided by 1825.
29
Calculate the remainder when 241989387 is divided by 194.
189
What is the remainder when 70439 is divided by 3937?
3510
What is the remainder when 589308 is divided by 203?
202
What is the remainder when 22593 is divided by 36?
21
Calculate the remainder when 1847708 is divided by 47.
44
What is the remainder when 2423574 is divided by 220322?
32
Calculate the remainder when 208067 is divided by 127.
41
Calculate the remainder when 498761 is divided by 166253.
2
What is the remainder when 455269